ide 10778544?
True
Is 8 a factor of 5070722?
False
Is 9 a factor of 31852182?
False
Does 78 divide 31328624?
False
Is 21018516 a multiple of 2953?
False
Is 10551 a factor of 6740200371?
True
Does 8 divide 9210654?
False
Does 17 divide 7015203?
True
Is 689234370 a multiple of 22?
True
Is 27158588 a multiple of 17?
True
Is 4197940 a multiple of 974?
True
Does 8 divide 40780976?
True
Does 14 divide 199147708?
False
Is 5312 a factor of 813963072?
True
Does 572 divide 261359054?
False
Is 61139946 a multiple of 200?
False
Is 8460373 a multiple of 495?
False
Is 169542030 a multiple of 7?
True
Is 231 a factor of 3829528813?
False
Does 14 divide 6283102?
True
Does 458 divide 37518200?
False
Does 50 divide 10296735?
False
Does 847 divide 90134315?
False
Is 183 a factor of 2320802523?
True
Does 3 divide 127868833?
False
Is 41 a factor of 120941?
False
Is 65463315 a multiple of 1191?
True
Does 37 divide 53742422?
False
Does 5 divide 92996694?
False
Does 5760 divide 1858838914?
False
Is 1123236343 a multiple of 37?
True
Does 1578 divide 77506626?
True
Is 3329 a factor of 342939325?
False
Does 550 divide 3433800063?
False
Does 14 divide 63924588?
True
Does 4837 divide 868812266?
True
Does 286 divide 20221630?
True
Is 1864 a factor of 689934478?
False
Does 198 divide 64015314?
False
Is 40 a factor of 373084498?
False
Is 37127979 a multiple of 423?
True
Does 166 divide 5921363?
False
Is 373 a factor of 4523744?
True
Is 234 a factor of 537728256?
True
Is 13 a factor of 175279533?
True
Is 32 a factor of 339308040?
False
Does 231 divide 140964516?
True
Is 433403538 a multiple of 111?
False
Is 76 a factor of 317248719?
False
Does 5116 divide 723192644?
True
Is 19 a factor of 1950453778?
True
Is 13158 a factor of 1382313690?
True
Is 11363 a factor of 530311210?
True
Is 10 a factor of 82066723?
False
Is 25415845 a multiple of 35?
True
Is 38277329 a multiple of 56?
False
Is 15 a factor of 36345450?
True
Is 60629562 a multiple of 294?
True
Does 24 divide 68037297?
False
Is 1825173658 a multiple of 15?
False
Is 522559716 a multiple of 1397?
False
Is 23 a factor of 83507549?
True
Is 244 a factor of 3175527996?
True
Is 2340 a factor of 33235020?
True
Is 2370 a factor of 13196160?
True
Is 2874042733 a multiple of 4201?
True
Is 3920 a factor of 20816179?
False
Is 7 a factor of 181397284?
False
Does 23 divide 2033534?
False
Is 905135330 a multiple of 647?
False
Is 376 a factor of 34358145?
False
Does 751 divide 224891771?
False
Is 71044401 a multiple of 1153?
True
Is 27 a factor of 81679535?
False
Does 20 divide 66938980?
True
Does 25 divide 568570050?
True
Is 27 a factor of 262181988?
True
Does 4 divide 97195296?
True
Is 58 a factor of 150917534?
False
Is 227035991 a multiple of 1417?
True
Is 7579663 a multiple of 97?
False
Is 38731323 a multiple of 26?
False
Is 414679040 a multiple of 16?
True
Is 1058622948 a multiple of 60?
False
Does 11072 divide 1771885376?
True
Is 2155 a factor of 4572910?
True
Is 41047503 a multiple of 256?
False
Is 10020114 a multiple of 117?
True
Does 13 divide 45185762?
False
Is 438840 a multiple of 43?
False
Is 26784432 a multiple of 1494?
True
Is 3 a factor of 107231818?
False
Is 5 a factor of 6950782?
False
Is 19 a factor of 2514688?
True
Is 115554978 a multiple of 18?
True
Does 57 divide 112794623?
False
Is 17 a factor of 13077368?
False
Does 15 divide 1905987480?
True
Is 229501824 a multiple of 4292?
True
Does 281 divide 4721356576?
False
Does 1684 divide 674823726?
False
Does 11 divide 1719819591?
False
Is 2385 a factor of 112927130?
False
Does 329 divide 10135503?
True
Is 1326578640 a multiple of 16?
True
Is 899570 a multiple of 755?
False
Is 156321058 a multiple of 17?
False
Is 91544748 a multiple of 37?
False
Is 845418095 a multiple of 685?
True
Is 267610044 a multiple of 26?
True
Is 134 a factor of 39329000?
True
Is 19 a factor of 15480921?
False
Does 1916 divide 17745992?
True
Is 10 a factor of 507074281?
False
Is 1718564917 a multiple of 7?
False
Is 152 a factor of 597904?
False
Is 32 a factor of 16542833?
False
Does 4594 divide 1924886?
True
Does 20 divide 58951116?
False
Does 9 divide 68897804?
False
Is 34017676 a multiple of 836?
True
Does 370 divide 198397283?
False
Is 3215 a factor of 45571820?
False
Is 14 a factor of 51039895?
False
Does 14 divide 600029346?
True
Is 131 a factor of 167515202?
True
Is 125 a factor of 1375986?
False
Is 5705 a factor of 20283442?
False
Is 25750813 a multiple of 101?
False
Is 32 a factor of 110750440?
False
Is 170 a factor of 184663520?
True
Is 129147750 a multiple of 19?
True
Is 1592 a factor of 15093752?
True
Is 133 a factor of 35617678?
False
Is 958469 a multiple of 708?
False
Is 66 a factor of 557707590?
True
Is 9 a factor of 2110783540?
False
Is 614 a factor of 63478390?
True
Is 87416184 a multiple of 2260?
False
Does 18 divide 170965487?
False
Is 8100 a factor of 4142953062?
False
Is 198 a factor of 278552270?
False
Is 1443583207 a multiple of 53?
True
Is 10 a factor of 3919789001?
False
Is 126133281 a multiple of 81?
True
Does 989 divide 49704985?
False
Is 8 a factor of 14493832?
True
Is 3644109176 a multiple of 18?
False
Is 1299 a factor of 2442117402?
True
Is 29327967 a multiple of 219?
False
Is 132 a factor of 42759288?
True
Is 46128318 a multiple of 39?
False
Is 250850995 a multiple of 23?
True
Does 44 divide 112811847?
False
Is 643 a factor of 3782119759?
False
Does 772 divide 78793178?
False
Is 2053583032 a multiple of 58?
True
Is 696 a factor of 664765272?
False
Is 5470726632 a multiple of 4096?
False
Does 6 divide 8143115?
False
Is 211 a factor of 2171313013?
True
Does 11 divide 763687155?
True
Is 1261586166 a multiple of 376?
False
Does 1416 divide 642904577?
False
Is 740239946 a multiple of 9?
False
Is 8540 a factor of 3264355220?
True
Is 164700760 a multiple of 4760?
True
Is 8248728 a multiple of 4?
True
Does 3 divide 5675775?
True
Is 754 a factor of 123082206?
True
Does 6 divide 853825620?
True
Is 172064382 a multiple of 201?
False
Is 90949296 a multiple of 59?
False
Is 36 a factor of 31229964?
True
Does 16 divide 663107584?
True
Is 46 a factor of 62800672?
True
Is 9 a factor of 62201539?
False
Is 165046413 a multiple of 3759?
True
Is 243 a factor of 57120552?
True
Does 686 divide 106403654?
False
Is 145986373 a multiple of 127?
True
Does 21 divide 275192186?
False
Is 6642627745 a multiple of 43?
True
Does 18 divide 210972433?
False
Is 1716205 a multiple of 235?
True
Is 51855190 a multiple of 797?
False
Is 71270 a multiple of 6?
False
Is 1881 a factor of 63159433?
False
Is 93745373 a multiple of 30?
False
Is 3417768 a multiple of 27?
True
Is 49973847 a multiple of 231?
True
Is 6 a factor of 793802274?
True
Is 469 a factor of 97260546?
False
Is 444 a factor of 9601277?
False
Does 7 divide 2293992?
False
Is 15990786 a multiple of 126?
True
Is 16 a factor of 1356201?
False
Is 4 a factor of 7302488?
True
Does 110 divide 9125138?
False
Is 19 a factor of 3310924306?
True
Is 23 a factor of 291369454?
False
Is 2926 a factor of 591906392?
True
Is 12 a factor of 146055564?
True
Is 92132820 a multiple of 39?
True
Is 159 a factor of 6525489?
False
Is 38 a factor of 6353207?
False
Is 160336182 a multiple of 229?
True
Is 164 a factor of 61819308?
True
Is 1633 a factor of 60804755?
True
Does 398 divide 189954256?
True
Is 23 a factor of 8340904?
True
Does 290 divide 537211052?
False
Does 32 divide 19229192?
False
Is 719511147 a multiple of 93?
True
Is 461338378 a multiple of 36?
False
Is 2116332 a multiple of 12?
True
Does 5712 divide 884845920?
True
Is 944 a factor of 2752366048?
True
Is 534138279 a multiple of 25?
False
Is 344 a factor of 7447019?
False
Does 31 divide 909769456?
False
Is 1043 a factor of 34186411?
True
Does 73 divide 8489535?
True
Does 3 divide 613723034?
False
Is 10 a factor of 6084210?
True
Is 279 a factor of 318714649?
False
Is 478 a factor of 10144594?
True
Does 32 divide 2398352?
False
Is 4562432 a multiple of 469?
True
Is 148392000 a multiple of 1145?
True
Is 68593578 a multiple of 632?
False
Is 29 a factor of 5462266?
True
Is 356 a factor of 2590968?
True
Is 18347510 a multiple of 5?
True
Is 24925777 a multiple of 709?
False
Is 17 a factor of 1436303448?
False
Is 17 a factor of 145096002?
False
Is 25 a factor of 12715800?
True
Is 145035289 a multiple of 11?
False
Is